 is 101120 - -11102?
112222
In base 13, what is -1 - 67bc6?
-67bc7
In base 11, what is 15 + 1766?
1780
In base 6, what is -3421 - -224?
-3153
In base 7, what is -211 + 10212?
10001
In base 3, what is -10211112 - -10?
-10211102
In base 2, what is 101011001101111 + 111?
101011001110110
In base 6, what is 4 + 2332?
2340
In base 8, what is 14 - -101223?
101237
In base 13, what is -66bb - 1?
-66bc
In base 9, what is 25643 + 2?
25645
In base 13, what is 507c + 10?
508c
In base 4, what is 3301110 + 0?
3301110
In base 15, what is -3274bc - 3?
-3274c0
In base 8, what is -2544 + 143?
-2401
In base 7, what is 3 - -23430?
23433
In base 7, what is 0 - -16103?
16103
In base 7, what is -20600 + 14?
-20553
In base 4, what is 2131221 + -2?
2131213
In base 12, what is 753862 + -5?
753859
In base 8, what is 7071 + -103?
6766
In base 4, what is -20220223 - -210?
-20220013
In base 14, what is -1 + 7331?
7330
In base 9, what is -2 - 84253?
-84255
In base 9, what is 24 + -5710?
-5675
In base 4, what is 1312200 - 31?
1312103
In base 2, what is -1011000111 - 11?
-1011001010
In base 8, what is 2317 + 3573?
6112
In base 4, what is -1011021210 + -23?
-1011021233
In base 15, what is 0 + -8c67?
-8c67
In base 4, what is 11023210 - 12?
11023132
In base 10, what is -81 + 1119?
1038
In base 16, what is 76 - -116f?
11e5
In base 4, what is 23 + -100323333?
-100323310
In base 12, what is -213 + -273?
-486
In base 8, what is -10561 + 40?
-10521
In base 15, what is -1 - -148d?
148c
In base 9, what is 56710 - 21?
56678
In base 11, what is 14a - -235?
384
In base 14, what is a - 6456b?
-64561
In base 9, what is -31813 - 2?
-31815
In base 15, what is 0 + -182?
-182
In base 10, what is -1355 + 20?
-1335
In base 7, what is 2541 + 133?
3004
In base 4, what is -2 - 133313111?
-133313113
In base 6, what is -420 + -1021?
-1441
In base 3, what is 20010122202 - 1?
20010122201
In base 3, what is 121002 - 1020110?
-122101
In base 14, what is -12 + -3003?
-3015
In base 10, what is -1788 + -323?
-2111
In base 10, what is -1157 - -2241?
1084
In base 3, what is 2022 - -210222021?
211001120
In base 5, what is 422101444 + 10?
422102004
In base 12, what is -8467 - -3?
-8464
In base 15, what is 37 + 229?
261
In base 15, what is b7 + 274?
33b
In base 6, what is 13251 - -3440?
21131
In base 7, what is -232062 - -10?
-232052
In base 16, what is 20c + 1b2?
3be
In base 16, what is -2 - c6a04?
-c6a06
In base 4, what is -323 - -321312?
320323
In base 15, what is -4 - -1797?
1793
In base 13, what is 0 - -154b36?
154b36
In base 13, what is -4a + -97?
-114
In base 2, what is 111001111101000 + 101?
111001111101101
In base 8, what is 544636 + 1?
544637
In base 13, what is -704 - 247?
-94b
In base 14, what is 3 + 3961?
3964
In base 16, what is -2a2 - ea?
-38c
In base 13, what is 40c2 - -3b?
4130
In base 7, what is 4110042 - 1?
4110041
In base 2, what is 1010101101110110 + 101110?
1010101110100100
In base 8, what is -206 + 4043?
3635
In base 6, what is 3545341 - 4?
3545333
In base 2, what is 11011 + -100110101010100?
-100110100111001
In base 7, what is -6012 + 21?
-5661
In base 5, what is 24343 + 23?
24421
In base 12, what is 6 - -18234?
1823a
In base 7, what is -1365 + -1064?
-2462
In base 7, what is 3122 - 2016?
1103
In base 12, what is -6b943 - -4?
-6b93b
In base 2, what is -11 + -10111101100100001?
-10111101100100100
In base 9, what is 14507 + -30?
14467
In base 13, what is -1326c + 3c?
-13230
In base 8, what is 5 - -6122?
6127
In base 11, what is -13 - -2403?
23a0
In base 8, what is 1702 - -2315?
4217
In base 13, what is -1 + c29a?
c299
In base 11, what is 992a0 + 2?
992a2
In base 15, what is -1e625 + 3?
-1e622
In base 2, what is 110110001000 - 11?
110110000101
In base 14, what is -14b8 - 7?
-14c1
In base 16, what is 85 - -3bb?
440
In base 10, what is 12 - 292353?
-292341
In base 14, what is 215446 - -3?
215449
In base 5, what is 3210 - 124?
3031
In base 14, what is -10 + -98b?
-99b
In base 12, what is -a - 2821?
-282b
In base 12, what is 10a + -1b2?
-a4
In base 3, what is 11010101110120 + 1?
11010101110121
In base 9, what is -6 + 4325?
4318
In base 6, what is -34332 - 1100?
-35432
In base 4, what is -2001 - 1003?
-3010
In base 7, what is 4 + 121002?
121006
In base 16, what is 86f - -8d?
8fc
In base 8, what is 6637 + 27?
6666
In base 2, what is 1100 - -10111110111101?
10111111001001
In base 2, what is 101111101100 - 10110?
101111010110
In base 12, what is -21 - -3116?
30b5
In base 2, what is -10110011000 - -10010?
-10110000110
In base 5, what is -10 + -420333?
-420343
In base 14, what is 481c - 5?
4817
In base 14, what is 3 + 1ac8?
1acb
In base 9, what is -184878 + -5?
-184884
In base 6, what is -3345145 - -5?
-3345140
In base 2, what is -1001101 + 11001010000111?
11001000111010
In base 4, what is -310020212 - -3?
-310020203
In base 8, what is 36 - -1276?
1334
In base 5, what is 113410 + -111?
113244
In base 10, what is 16 + -103025?
-103009
In base 16, what is -1 + -4ddb3?
-4ddb4
In base 15, what is -8918a + 1?
-89189
In base 16, what is -314 + -c?
-320
In base 4, what is -2002000231 + 11?
-2002000220
In base 14, what is -954b + 4?
-9547
In base 2, what is 10100000 - 1001101011?
-111001011
In base 13, what is 505 - -1a?
522
In base 4, what is -2300221 + 0?
-2300221
In base 14, what is 2 + -498cc?
-498ca
In base 2, what is -111101111001101001000 - -10?
-111101111001101000110
In base 11, what is 50875 + 5?
5087a
In base 10, what is 114 - -867?
981
In base 3, what is 110 - -21001?
21111
In base 14, what is 1 - 75a?
-759
In base 9, what is -46625 - -1?
-46624
In base 7, what is -3 - -2251623?
2251620
In base 13, what is 260c8 - -7?
26102
In base 8, what is 322 - 151?
151
In base 16, what is -9e9 - -9?
-9e0
In base 3, what is -11 - 1211010020?
-1211010101
In base 10, what is -5 - 33483?
-33488
In base 5, what is -4024002 + -4?
-4024011
In base 15, what is -2 + 322a?
3228
In base 9, what is 4 - 1385?
-1381
In base 11, what is -3 - -78340?
78338
In base 14, what is 5 + -230?
-229
In base 11, what is 183 - 42?
141
In base 6, what is 130 + -1235?
-1105
In base 10, what is -2750 + -226?
-2976
In base 14, what is 1 + 7c9b6?
7c9b7
In base 16, what is 2 + 6f3f?
6f41
In base 16, what is 7711a - 0?
7711a
In base 10, what is -1366 - -247?
-1119
In base 5, what is 1403042 + 144?
1403241
In base 14, what is -925255 + -3?
-925258
In base 9, what is 1 - -5857?
5858
In base 7, what is -2155664 - -3?
-2155661
In base 2, what is -101 - 10001110000100?
-10001110001001
In base 14, what is 10 + -3b74?
-3b64
In base 5, what is -1414103 - -210?
-1413343
In base 16, what is 57c9 - b?
57be
In base 8, what is 34 + 3003?
3037
In base 11, what is -1251 - -16?
-1236
In base 5, what is 14 - 2112323?
-2112304
In base 14, what is -2 + -12b7?
-12b9
In base 8, what is 212 + 126?
340
In base 5, what is 2341042 + -3?
2341034
In base 13, what is 4 + -592?
-58b
In base 13, what is 619 - -672?
c8b
In base 4, what is 10013021 - 202?
10012213
In base 2, what is 111101 - 1100111011011?
-1100110011110
In base 15, what is -80861 + 3?
-8085d
In base 9, what is -360226 + 5?
-360221
In base 12, what is -a5790 - 9?
-a5799
In base 11, what is -11 - 58?
-69
In base 2, what is 10 + 11111011001010110?
11111011001011000
In base 7, what is -24 - 221512?
-221536
In base 8, what is -660 + 23305?
22425
In base 12, what is -6a2 - 11?
-6b3
In base 6, what is 43 - -2533?
3020
In base 14, what is -1431 - 3d?
-1470
In base 13, what is 5 - -68700?
68705
In base 4, what is 310030120 - 0?
310030120
In base 16, what is -2a4 + -14?
-2b8
In base 5, what is -330 - 2303?
-3133
In base 10, what is 3 - -2250182?
2250185
In base 13, what is -a2 - -237?
165
In base 7, what is -5155 + -1114?
-6302
In base 8, what is 7401 + -2240?
5141
In base 7, what is -4 - 614?
-621
In base 7, what is 64 + 14006?
14103
In base 8, what is 5 - 34501?
-34474
In base 16, what is -16b - -1?
-16a
In base 2, what is 1000001001000111111100 + 101?
1000001001001000000001
In base 11, what is -707020 + 5?
-707016
In base 4, what is 2 - -133132?
133200
In base 11, what is 92a99 - -4?
92aa2
In base 10, what is -45248 + -6?
-45254
In base 16, what is -1 + -5e76?
-5e77
In base 4, what is -211013 + 3121?
-201232
In base 7, what is -15 + -5444?
-5462
In base 12, what is 1 + 1203?
1204
In base 10, what is 14188 - 69?